e prime factors of 134690?
2, 5, 13469
What are the prime factors of 100763?
13, 23, 337
What are the prime factors of 2487921?
3, 41, 113, 179
List the prime factors of 1934975.
5, 7, 11057
What are the prime factors of 1026397?
29, 35393
What are the prime factors of 18020647?
18020647
What are the prime factors of 2153322?
2, 3, 17, 31, 227
What are the prime factors of 3171293?
43, 73751
What are the prime factors of 61600?
2, 5, 7, 11
List the prime factors of 836077.
11, 17, 263
What are the prime factors of 12200322?
2, 3, 17, 119611
List the prime factors of 3601278.
2, 3, 29, 6899
What are the prime factors of 2932026?
2, 3, 61, 8011
List the prime factors of 3821.
3821
List the prime factors of 59256.
2, 3, 823
What are the prime factors of 615170?
2, 5, 227, 271
List the prime factors of 316780.
2, 5, 47, 337
List the prime factors of 1632427.
1632427
What are the prime factors of 5023575?
3, 5, 83, 269
What are the prime factors of 1076095?
5, 83, 2593
List the prime factors of 8099999.
8099999
List the prime factors of 1285957.
541, 2377
List the prime factors of 10114230.
2, 3, 5, 7, 48163
What are the prime factors of 60962?
2, 11, 17, 163
What are the prime factors of 914832?
2, 3, 6353
What are the prime factors of 1424709?
3, 11, 13, 41
What are the prime factors of 896139?
3, 99571
List the prime factors of 1304484.
2, 3, 108707
List the prime factors of 21033204.
2, 3, 107, 16381
List the prime factors of 361864.
2, 45233
What are the prime factors of 22013471?
97, 226943
What are the prime factors of 49838?
2, 24919
What are the prime factors of 1482437?
11, 19, 41, 173
What are the prime factors of 1583282?
2, 443, 1787
What are the prime factors of 5119993?
101, 163, 311
What are the prime factors of 846945?
3, 5, 11, 29, 59
List the prime factors of 3257269.
3257269
What are the prime factors of 2215482?
2, 3, 369247
List the prime factors of 259430.
2, 5, 25943
List the prime factors of 2612951.
11, 17, 89, 157
What are the prime factors of 1555481?
1555481
What are the prime factors of 133220?
2, 5, 6661
List the prime factors of 26196822.
2, 3, 1455379
List the prime factors of 7812499.
7812499
What are the prime factors of 5969801?
131, 199, 229
What are the prime factors of 659346?
2, 3, 109891
List the prime factors of 63841.
63841
List the prime factors of 908106.
2, 3, 17, 29, 307
List the prime factors of 1141269.
3, 380423
What are the prime factors of 861380?
2, 5, 13, 3313
List the prime factors of 3688961.
89, 181, 229
List the prime factors of 6127525.
5, 131, 1871
List the prime factors of 631031.
41, 15391
List the prime factors of 7351433.
31, 237143
What are the prime factors of 9810436?
2, 109, 22501
What are the prime factors of 429975?
3, 5, 7, 13
What are the prime factors of 545932?
2, 136483
List the prime factors of 10824007.
23, 470609
List the prime factors of 21394355.
5, 1049, 4079
What are the prime factors of 24049182?
2, 3, 347, 11551
What are the prime factors of 2118434?
2, 1059217
List the prime factors of 1699027.
11, 257, 601
What are the prime factors of 536869?
536869
List the prime factors of 331020.
2, 3, 5, 613
List the prime factors of 132116.
2, 33029
What are the prime factors of 268573?
268573
What are the prime factors of 5986672?
2, 19, 47, 419
List the prime factors of 7060677.
3, 13, 197, 919
What are the prime factors of 10559989?
11, 643, 1493
What are the prime factors of 182068?
2, 23, 1979
List the prime factors of 367141.
71, 5171
What are the prime factors of 2623048?
2, 327881
What are the prime factors of 8465347?
11, 769577
List the prime factors of 45454.
2, 22727
What are the prime factors of 102972?
2, 3, 8581
List the prime factors of 8677321.
181, 191, 251
What are the prime factors of 1644080?
2, 5, 20551
List the prime factors of 343149.
3, 107, 1069
List the prime factors of 190560.
2, 3, 5, 397
List the prime factors of 187221.
3, 17, 3671
What are the prime factors of 1191827?
7, 13, 1871
What are the prime factors of 1350368?
2, 19, 2221
What are the prime factors of 5970203?
5970203
List the prime factors of 149223.
3, 49741
What are the prime factors of 532350?
2, 3, 5, 7, 13
What are the prime factors of 82115?
5, 11, 1493
List the prime factors of 225862.
2, 7, 13, 17, 73
List the prime factors of 3374013.
3, 41, 27431
List the prime factors of 4120682.
2, 19, 108439
List the prime factors of 164659.
11, 14969
What are the prime factors of 9520545?
3, 5, 634703
List the prime factors of 215955.
3, 5, 4799
What are the prime factors of 3337?
47, 71
List the prime factors of 141066.
2, 3, 17, 461
What are the prime factors of 4750448?
2, 367, 809
What are the prime factors of 1149875?
5, 9199
List the prime factors of 3972555.
3, 5, 43, 2053
List the prime factors of 11113127.
107, 283, 367
What are the prime factors of 164361?
3, 54787
What are the prime factors of 6795308?
2, 13, 17, 7687
What are the prime factors of 15186?
2, 3, 2531
List the prime factors of 85529.
31, 89
List the prime factors of 1575513.
3, 31, 5647
List the prime factors of 121903.
139, 877
List the prime factors of 226134.
2, 3, 17, 739
What are the prime factors of 27989143?
7, 13, 6277
What are the prime factors of 168000?
2, 3, 5, 7
What are the prime factors of 949629?
3, 349, 907
What are the prime factors of 155316?
2, 3, 7, 43
What are the prime factors of 77908?
2, 19477
What are the prime factors of 508196?
2, 13, 29, 337
List the prime factors of 34003327.
73, 465799
List the prime factors of 45244.
2, 11311
List the prime factors of 102187.
17, 6011
List the prime factors of 1425007.
1425007
List the prime factors of 71522.
2, 11, 3251
List the prime factors of 647483.
29, 83, 269
List the prime factors of 12256472.
2, 37, 47, 881
List the prime factors of 1628017.
739, 2203
What are the prime factors of 13990401?
3, 172721
List the prime factors of 1164354.
2, 3, 43, 4513
What are the prime factors of 10997588?
2, 7, 23, 17077
List the prime factors of 25237973.
25237973
What are the prime factors of 312159?
3, 104053
List the prime factors of 732993.
3, 73, 3347
What are the prime factors of 2001312?
2, 3, 6949
What are the prime factors of 55514?
2, 41, 677
List the prime factors of 10114368.
2, 3, 11, 4789
What are the prime factors of 37460?
2, 5, 1873
What are the prime factors of 1940662?
2, 31, 113, 277
List the prime factors of 9984776.
2, 53, 23549
List the prime factors of 6093487.
43, 141709
List the prime factors of 23199656.
2, 31, 139, 673
List the prime factors of 186145.
5, 59, 631
List the prime factors of 851649.
3, 17, 16699
List the prime factors of 2144379.
3, 97, 7369
List the prime factors of 781669.
7, 111667
What are the prime factors of 797666?
2, 398833
List the prime factors of 167547.
3, 55849
What are the prime factors of 339934?
2, 7, 24281
What are the prime factors of 20167944?
2, 3, 840331
List the prime factors of 7009951.
13, 41479
List the prime factors of 214947.
3, 19, 419
What are the prime factors of 255505?
5, 137, 373
What are the prime factors of 1170695?
5, 234139
What are the prime factors of 812384?
2, 53, 479
What are the prime factors of 9526814?
2, 11, 39367
List the prime factors of 4139037.
3, 7, 65699
List the prime factors of 3989060.
2, 5, 199453
What are the prime factors of 1342867?
331, 4057
List the prime factors of 377178.
2, 3, 37, 1699
What are the prime factors of 31838124?
2, 3, 103, 25759
What are the prime factors of 216523?
216523
What are the prime factors of 1278809?
7, 182687
What are the prime factors of 313125?
3, 5, 167
List the prime factors of 1406159.
1406159
What are the prime factors of 18707?
13, 1439
What are the prime factors of 1468815?
3, 5, 181, 541
What are the prime factors of 1167595?
5, 11, 13, 23, 71
List the prime factors of 8603429.
8603429
List the prime factors of 481158.
2, 3, 26731
What are the prime factors of 2332826?
2, 1166413
What are the prime factors of 1791947?
19, 37, 2549
List the prime factors of 12625184.
2, 11, 13, 31, 89
What are the prime factors of 609207?
3, 61, 3329
What are the prime factors of 1646923?
1646923
List the prime factors of 5003129.
383, 13063
List the prime factors of 32190475.
5, 743, 1733
List the prime factors of 24642.
2, 3, 3